{"id":3247,"date":"2022-04-24T22:38:41","date_gmt":"2022-04-24T20:38:41","guid":{"rendered":"https:\/\/jarnejazzaky.sk\/?page_id=3247"},"modified":"2022-04-24T22:39:13","modified_gmt":"2022-04-24T20:39:13","slug":"about-us","status":"publish","type":"page","link":"https:\/\/jarnejazzaky.sk\/en\/about-us\/","title":{"rendered":"About us"},"content":{"rendered":"<div class=\"wpb-content-wrapper\"><p>[vc_row][vc_column][vc_single_image image=&#8221;3229&#8243; img_size=&#8221;full&#8221; alignment=&#8221;center&#8221;][\/vc_column][\/vc_row][vc_row][vc_column width=&#8221;1\/2&#8243;][vc_column_text]<\/p>\n<h2>Hist\u00f3ria<\/h2>\n<p>Na za\u010diatku sa BJD konali v&nbsp;decembri,&nbsp; od deviateho ro\u010dn\u00edka (1983) dostali svoj tradi\u010dn\u00fd \u010das, posledn\u00fd okt\u00f3brov\u00fd v\u00edkend. Od roku 2008 sa prestal festival exkluz\u00edvne sp\u00e1ja\u0165 s&nbsp;jese\u0148ou, preto\u017ee sa narodil mlad\u0161\u00ed s\u00farodenec \u2013 jarn\u00e9 BJD. Konaj\u00fa sa ka\u017ed\u00fd rok, iba v&nbsp;roku 2014 ich vynechali, ke\u010f\u017ee pri pr\u00edle\u017eitosti 40. ro\u010dn\u00edka boli \u201ed\u017eez\u00e1ky\u201c \u0161tvordenn\u00e9.<\/p>\n<p>Jarn\u00e9 BJD s\u00fa spravidla jednodenn\u00e9, aj ke\u010f rok 2019 je v\u00fdnimka, a nemaj\u00fa pevn\u00fd \u010das, a&nbsp;teda sa m\u00f4\u017eu flexibilne prisp\u00f4sobi\u0165 eur\u00f3pskym term\u00ednom umelcov.<\/p>\n<p>Doteraz na festivale vyst\u00fapili t\u00edto \u00fa\u010dinkuj\u00faci (<a href=\"https:\/\/jarnejazzaky.sk\/galeria\/\">pozri aj gal\u00e9riu<\/a>):<\/p>\n<ul>\n<li>2019: Strapo + General Foxx, Alfa Mist, Krist\u00edna Miha\u013eov\u00e1 a Jakub \u0160ediv\u00fd, Stanley Clarke<\/li>\n<li>2018: Kadri Voorand, Omar Hakim &amp; Rachel Z, Ester Rada<\/li>\n<li>2017: Bill Laurance, Vocal Sampling, Sivan Arbel<\/li>\n<li>2016: Kinga Glyk, Cory Henry, Jacob Collier<\/li>\n<li>2015: Sisa Feh\u00e9rov\u00e1 &amp; Fehero Rocher, Peter Lipa Band, Richard Bona\u2019s Mandekan Cubano<\/li>\n<li>2013: Incognito, Butterscotch, Peter Lipa<\/li>\n<li>2012: Level 42, Marcus Miller, Finally &amp; Eric Marienthal &amp; Eric Valentine<\/li>\n<li>2011: Jeff Beck, Hot Pants Road Club, Sto m\u00fach<\/li>\n<li>2010: John Mayall, Lubo\u0161 Andr\u0161t Blues Band, Peter Lipa<\/li>\n<li>2009: Maceo Parker, Jamaaladeen Tacuma, H\u00e1rsHegyBand<\/li>\n<li>2008: Richard Bona, Rhonda Smith &amp; Karma Deuce, Lygia Campos, Peter Lipa &amp; Mino Cinelu &amp; Ruggero Robin, Mari\u00e1n \u010cekovsk\u00fd &amp; Emil Fr\u00e1trik &amp; Henry T\u00f3th<\/li>\n<\/ul>\n<p>[\/vc_column_text][\/vc_column][vc_column width=&#8221;1\/2&#8243;][vc_column_text]<\/p>\n<h2>Aktu\u00e1lny ro\u010dn\u00edk<\/h2>\n<p>Open-air Jarn\u00e9 Jazz\u00e1ky s\u00fa pokra\u010dovate\u013eom 11.ro\u010dn\u00edka Jarn\u00fdch Bratislavsk\u00fdch Jazzov\u00fdch Dn\u00ed. Prich\u00e1dzaj\u00fa s nov\u00fdm konceptom a v novom prostred\u00ed, ktor\u00e9 organiz\u00e1tori vybrali \u0161peci\u00e1lne pre toto podujatie. Jazz\u00e1ky prines\u00fa p\u00f4\u017eitok z kombin\u00e1cie hudby, v\u00fdtvarn\u00e9ho umenia a jedine\u010dn\u00e9ho priestoru pri Rusoveckom lese. Ve\u010der pln\u00fd kvalitnej a inovat\u00edvnej hudby sa bude odohr\u00e1va\u0165 pod hol\u00fdm nebom v korun\u00e1ch stromov z\u00e1hrady Sankt Vitus Kaffee. Z\u00e1merom projektu je sprostredkova\u0165 komplexn\u00fd umeleck\u00fd z\u00e1\u017eitok a prinies\u0165 div\u00e1kom dokonal\u00e9 prepojenie medzi dobrou hudbou, pr\u00edrodou a vizu\u00e1lnym umen\u00edm, ktor\u00e9 zaujme najm\u00e4 mlad\u00fdch \u013eud\u00ed.<\/p>\n<p>U\u017e <strong>28.6.2022<\/strong> vyst\u00fapia na Open-air Jarn\u00fdch Jazz\u00e1koch v <strong>Sankt Vitus Kaffee<\/strong> spev\u00e1k <strong>Samuel Ho\u0161ek (+ band ft. Jure\u0161 Fallgrapp) <\/strong>a fantastick\u00fd <strong>Nate Smith + KINFOLK<\/strong> s raperom <strong>Kokayi<\/strong>.<\/p>\n<p>&nbsp;<\/p>\n<p>Pre viac inform\u00e1ci\u00ed pozri<strong> <a href=\"https:\/\/jarnejazzaky.sk\/program\/\">program<\/a><\/strong><\/p>\n<p>[\/vc_column_text][\/vc_column][\/vc_row]<\/p>\n<\/div>","protected":false},"excerpt":{"rendered":"<p>[vc_row][vc_column][vc_single_image image=&#8221;3229&#8243; img_size=&#8221;full&#8221; alignment=&#8221;center&#8221;][\/vc_column][\/vc_row][vc_row][vc_column width=&#8221;1\/2&#8243;][vc_column_text] Hist\u00f3ria Na za\u010diatku sa BJD konali v&nbsp;decembri,&nbsp; od deviateho ro\u010dn\u00edka (1983) dostali svoj tradi\u010dn\u00fd \u010das, posledn\u00fd okt\u00f3brov\u00fd v\u00edkend. Od roku 2008 sa prestal festival exkluz\u00edvne sp\u00e1ja\u0165 s&nbsp;jese\u0148ou, preto\u017ee sa narodil mlad\u0161\u00ed s\u00farodenec \u2013 jarn\u00e9 BJD&#8230;.<\/p>\n","protected":false},"author":1,"featured_media":0,"parent":0,"menu_order":0,"comment_status":"closed","ping_status":"closed","template":"","meta":{"footnotes":""},"class_list":["post-3247","page","type-page","status-publish","hentry"],"_links":{"self":[{"href":"https:\/\/jarnejazzaky.sk\/en\/wp-json\/wp\/v2\/pages\/3247","targetHints":{"allow":["GET"]}}],"collection":[{"href":"https:\/\/jarnejazzaky.sk\/en\/wp-json\/wp\/v2\/pages"}],"about":[{"href":"https:\/\/jarnejazzaky.sk\/en\/wp-json\/wp\/v2\/types\/page"}],"author":[{"embeddable":true,"href":"https:\/\/jarnejazzaky.sk\/en\/wp-json\/wp\/v2\/users\/1"}],"replies":[{"embeddable":true,"href":"https:\/\/jarnejazzaky.sk\/en\/wp-json\/wp\/v2\/comments?post=3247"}],"version-history":[{"count":2,"href":"https:\/\/jarnejazzaky.sk\/en\/wp-json\/wp\/v2\/pages\/3247\/revisions"}],"predecessor-version":[{"id":3249,"href":"https:\/\/jarnejazzaky.sk\/en\/wp-json\/wp\/v2\/pages\/3247\/revisions\/3249"}],"wp:attachment":[{"href":"https:\/\/jarnejazzaky.sk\/en\/wp-json\/wp\/v2\/media?parent=3247"}],"curies":[{"name":"wp","href":"https:\/\/api.w.org\/{rel}","templated":true}]}}

<div class="wpb-content-wrapper"><p>[vc_row][vc_column][vc_single_image image=&#8221;3229&#8243; img_size=&#8221;full&#8221; alignment=&#8221;center&#8221;][/vc_column][/vc_row][vc_row][vc_column width=&#8221;1/2&#8243;][vc_column_text]</p>
<h2>História</h2>
<p>Na začiatku sa BJD konali v&nbsp;decembri,&nbsp; od deviateho ročníka (1983) dostali svoj tradičný čas, posledný októbrový víkend. Od roku 2008 sa prestal festival exkluzívne spájať s&nbsp;jeseňou, pretože sa narodil mladší súrodenec – jarné BJD. Konajú sa každý rok, iba v&nbsp;roku 2014 ich vynechali, keďže pri príležitosti 40. ročníka boli „džezáky“ štvordenné.</p>
<p>Jarné BJD sú spravidla jednodenné, aj keď rok 2019 je výnimka, a nemajú pevný čas, a&nbsp;teda sa môžu flexibilne prispôsobiť európskym termínom umelcov.</p>
<p>Doteraz na festivale vystúpili títo účinkujúci (<a href="https://jarnejazzaky.sk/galeria/">pozri aj galériu</a>):</p>
<ul>
<li>2019: Strapo + General Foxx, Alfa Mist, Kristína Mihaľová a Jakub Šedivý, Stanley Clarke</li>
<li>2018: Kadri Voorand, Omar Hakim &amp; Rachel Z, Ester Rada</li>
<li>2017: Bill Laurance, Vocal Sampling, Sivan Arbel</li>
<li>2016: Kinga Glyk, Cory Henry, Jacob Collier</li>
<li>2015: Sisa Fehérová &amp; Fehero Rocher, Peter Lipa Band, Richard Bona’s Mandekan Cubano</li>
<li>2013: Incognito, Butterscotch, Peter Lipa</li>
<li>2012: Level 42, Marcus Miller, Finally &amp; Eric Marienthal &amp; Eric Valentine</li>
<li>2011: Jeff Beck, Hot Pants Road Club, Sto múch</li>
<li>2010: John Mayall, Luboš Andršt Blues Band, Peter Lipa</li>
<li>2009: Maceo Parker, Jamaaladeen Tacuma, HársHegyBand</li>
<li>2008: Richard Bona, Rhonda Smith &amp; Karma Deuce, Lygia Campos, Peter Lipa &amp; Mino Cinelu &amp; Ruggero Robin, Marián Čekovský &amp; Emil Frátrik &amp; Henry Tóth</li>
</ul>
<p>[/vc_column_text][/vc_column][vc_column width=&#8221;1/2&#8243;][vc_column_text]</p>
<h2>Aktuálny ročník</h2>
<p>Open-air Jarné Jazzáky sú pokračovateľom 11.ročníka Jarných Bratislavských Jazzových Dní. Prichádzajú s novým konceptom a v novom prostredí, ktoré organizátori vybrali špeciálne pre toto podujatie. Jazzáky prinesú pôžitok z kombinácie hudby, výtvarného umenia a jedinečného priestoru pri Rusoveckom lese. Večer plný kvalitnej a inovatívnej hudby sa bude odohrávať pod holým nebom v korunách stromov záhrady Sankt Vitus Kaffee. Zámerom projektu je sprostredkovať komplexný umelecký zážitok a priniesť divákom dokonalé prepojenie medzi dobrou hudbou, prírodou a vizuálnym umením, ktoré zaujme najmä mladých ľudí.</p>
<p>Už <strong>28.6.2022</strong> vystúpia na Open-air Jarných Jazzákoch v <strong>Sankt Vitus Kaffee</strong> spevák <strong>Samuel Hošek (+ band ft. Jureš Fallgrapp) </strong>a fantastický <strong>Nate Smith + KINFOLK</strong> s raperom <strong>Kokayi</strong>.</p>
<p>&nbsp;</p>
<p>Pre viac informácií pozri<strong> <a href="https://jarnejazzaky.sk/program/">program</a></strong></p>
<p>[/vc_column_text][/vc_column][/vc_row]</p>
</div>

<p>[vc_row][vc_column][vc_single_image image=&#8221;3229&#8243; img_size=&#8221;full&#8221; alignment=&#8221;center&#8221;][/vc_column][/vc_row][vc_row][vc_column width=&#8221;1/2&#8243;][vc_column_text] História Na začiatku sa BJD konali v&nbsp;decembri,&nbsp; od deviateho ročníka (1983) dostali svoj tradičný čas, posledný októbrový víkend. Od roku 2008 sa prestal festival exkluzívne spájať s&nbsp;jeseňou, pretože sa narodil mladší súrodenec – jarné BJD&#8230;.</p>
